
Calculate the highest common divisor of 782211875 and 1250.
625
Calculate the greatest common factor of 83877371 and 5391.
599
What is the highest common factor of 20727 and 17878189?
2303
What is the greatest common divisor of 1161 and 421004529?
387
Calculate the greatest common divisor of 65492 and 47516.
28
Calculate the greatest common divisor of 23023 and 1552201.
161
Calculate the greatest common divisor of 3070790 and 30.
10
Calculate the highest common factor of 140150476 and 1556.
1556
What is the greatest common factor of 3010 and 1387395?
215
What is the highest common factor of 4671 and 406742895?
1557
What is the greatest common divisor of 20115 and 26623767?
447
What is the highest common divisor of 11609709 and 13518?
2253
Calculate the greatest common factor of 478 and 108396.
2
What is the greatest common factor of 77303840 and 20?
20
Calculate the highest common factor of 311179 and 22.
11
Calculate the greatest common divisor of 559 and 81123327.
43
Calculate the greatest common factor of 234672 and 40564033.
4889
What is the highest common divisor of 82462839 and 6?
3
What is the greatest common divisor of 5611256 and 12992?
56
What is the greatest common factor of 12671811 and 329?
47
What is the highest common divisor of 324 and 35244072?
324
Calculate the highest common factor of 498624698 and 2706.
902
Calculate the greatest common factor of 1298 and 26488187.
11
Calculate the greatest common divisor of 2218432 and 905216.
1088
What is the greatest common divisor of 8 and 5466764?
4
What is the greatest common divisor of 40 and 73019460?
20
Calculate the greatest common factor of 851 and 1212694573.
851
What is the greatest common divisor of 56705 and 179153777?
11341
Calculate the greatest common factor of 1289442 and 30723.
231
Calculate the greatest common divisor of 54 and 7627206.
6
What is the highest common divisor of 34824 and 8520?
24
Calculate the greatest common divisor of 755 and 24733196.
151
Calculate the greatest common factor of 35344 and 17184.
16
What is the highest common factor of 314369307 and 1451?
1451
Calculate the greatest common divisor of 3689 and 472634.
17
Calculate the greatest common divisor of 153 and 436707.
9
What is the highest common factor of 8880 and 183818220?
2220
What is the greatest common factor of 1449 and 116550729?
207
Calculate the highest common divisor of 40 and 8676670.
10
What is the greatest common divisor of 2602537 and 112?
7
What is the greatest common divisor of 1443 and 329950608?
1443
What is the greatest common factor of 6380 and 234291145?
1595
What is the highest common divisor of 379368 and 11704?
88
Calculate the greatest common factor of 331850631 and 189.
21
Calculate the highest common factor of 86 and 4444281684.
86
What is the highest common divisor of 130633088 and 48?
16
What is the highest common divisor of 6855178 and 374188?
1346
What is the highest common factor of 3858 and 1175611046?
1286
What is the highest common divisor of 5592918975 and 609?
609
Calculate the greatest common divisor of 1342230 and 950.
10
What is the greatest common divisor of 74913 and 21468?
3
What is the highest common factor of 222888336 and 528?
528
Calculate the highest common factor of 2019917 and 21361.
521
Calculate the highest common divisor of 11 and 47555123.
11
What is the highest common divisor of 191391 and 16071?
1461
Calculate the highest common factor of 134799840 and 41052.
3732
Calculate the highest common divisor of 381696 and 25971456.
5376
What is the highest common divisor of 18972 and 1089207?
153
What is the highest common factor of 22354918 and 3550?
142
Calculate the highest common factor of 30421 and 15872419.
1049
What is the highest common divisor of 14850 and 344025?
2475
Calculate the greatest common divisor of 1235 and 11265423.
247
Calculate the greatest common divisor of 2900 and 3593883.
29
What is the greatest common divisor of 48708 and 6941628?
1476
What is the highest common divisor of 272 and 230196?
4
What is the greatest common factor of 162 and 21312387?
9
Calculate the greatest common factor of 2905 and 3576335.
35
What is the highest common divisor of 520 and 527845?
5
Calculate the highest common divisor of 3761928 and 144.
72
Calculate the greatest common factor of 36 and 5529753.
9
Calculate the greatest common divisor of 386713824 and 22848.
11424
What is the greatest common divisor of 781085788 and 1796?
1796
Calculate the greatest common factor of 9797367 and 5373.
597
What is the highest common factor of 193 and 17927?
1
Calculate the greatest common divisor of 1581398 and 33488.
182
What is the greatest common divisor of 42645826 and 141?
47
Calculate the greatest common factor of 1268685 and 8712.
1089
What is the greatest common factor of 1115878406 and 6418?
6418
Calculate the highest common factor of 46 and 121983398.
46
Calculate the greatest common factor of 1905 and 552180.
15
What is the greatest common factor of 10556907 and 386?
193
Calculate the highest common factor of 5287637 and 9745.
1949
Calculate the highest common factor of 2696 and 18105662.
674
Calculate the greatest common factor of 659442 and 22.
2
What is the highest common factor of 533040 and 1254720?
240
Calculate the greatest common divisor of 1307052 and 144.
36
Calculate the greatest common factor of 18953 and 492162.
11
Calculate the greatest common factor of 730312408 and 7.
7
Calculate the greatest common divisor of 432 and 371625984.
144
What is the greatest common divisor of 413842944 and 13824?
1536
Calculate the highest common factor of 94713 and 1878802.
131
Calculate the highest common factor of 94516098 and 18.
6
Calculate the highest common divisor of 2301 and 1824076332.
2301
Calculate the greatest common divisor of 196 and 229846652.
196
What is the highest common factor of 81279664 and 14768?
1136
Calculate the highest common factor of 3137302 and 602.
14
What is the greatest common factor of 239884 and 1732?
4
Calculate the highest common divisor of 14179 and 847187.
11
Calculate the highest common factor of 271039 and 1703.
131
What is the greatest common factor of 1425760403 and 17?
17
Calculate the greatest common divisor of 16496 and 332936.
8
What is the greatest common factor of 100098 and 2217?
3
Calculate the highest common divisor of 5568 and 135981.
87
Calculate the highest common divisor of 10950969 and 1491.
213
Calculate the greatest common divisor of 1056 and 3162093.
33
Calculate the highest common factor of 1658619 and 213.
3
What is the greatest common divisor of 4532 and 1770931118?
2266
Calculate the greatest common divisor of 207 and 65408517.
9
What is the highest common divisor of 263642 and 43798?
122
Calculate the greatest common factor of 26076312 and 39192.
1704
What is the greatest common divisor of 12472035 and 11430?
1905
What is the highest common factor of 92 and 162431428?
92
Calculate the highest common factor of 1640 and 109460980.
820
What is the highest common divisor of 2180 and 423540?
20
Calculate the highest common divisor of 38632 and 30492.
44
Calculate the greatest common divisor of 58 and 38183807.
29
Calculate the greatest common divisor of 121342 and 673634.
338
What is the highest common factor of 424094 and 3322?
22
What is the greatest common factor of 302 and 61195468?
302
Calculate the greatest common divisor of 57125 and 1055500.
125
Calculate the highest common divisor of 2007 and 5372739.
2007
Calculate the highest common divisor of 227237 and 6530771.
1019
Calculate the highest common factor of 2044250 and 74.
74
Calculate the greatest common factor of 813491 and 126504.
1757
Calculate the greatest common factor of 11368 and 12031520.
232
Calculate the highest common divisor of 16087706 and 48.
2
What is the greatest common factor of 9606837 and 342?
57
Calculate the highest common divisor of 6863768 and 2822.
166
What is the highest common factor of 2135385300 and 1292?
1292
What is the highest common divisor of 8175979 and 658?
329
Calculate the greatest common divisor of 316 and 115486940.
316
What is the highest common factor of 22500 and 15145300?
100
What is the greatest common factor of 94294288 and 704?
176
Calculate the highest common factor of 25017 and 402